et f = 425 + -357. List the prime factors of f.
2, 17
Suppose -8*l = -d - 7*l + 714, -4*l = 2*d - 1428. List the prime factors of d.
2, 3, 7, 17
Suppose -5*a + 12 = 2*c, -c + 9 - 3 = -a. Let y be (c - -1)*9/9. Suppose f - y = 8. What are the prime factors of f?
3, 5
Let v = -1129 - -32. Let c = -737 - v. Suppose 0 = q + 4*q - c. List the prime factors of q.
2, 3
Suppose -f + 4*y - 11 = 0, -8 = f - 3*f - 2*y. Let i be (-12)/(-8) - f/(-2). Suppose 4*w - 174 = 2*x, 25 = i*w + 5*x - 56. List the prime factors of w.
43
Let h(p) = -3*p**2 + 91*p - 24. List the prime factors of h(23).
2, 241
Suppose 1 = -4*y + 5*y. Let r be (-2 + 5)*y + 1. Suppose 56 = r*z - 2*z. What are the prime factors of z?
2, 7
Let t(q) = -126*q. Let c(n) = 2*n**3 + 25*n**2 - 12*n + 12. Let i be c(-13). What are the prime factors of t(i)?
2, 3, 7
Suppose 4*v - 5*d - 8 = 5, 4*v = d + 9. What are the prime factors of (v/((-24)/(-148)))/(2/6)?
37
Suppose -58*w + 3*g - 9268 = -63*w, -4*g - 9261 = -5*w. List the prime factors of w.
17, 109
Suppose -9*y + 72 = -13*y. Let i = -13 - y. Suppose -i*s = -2*j - 58 - 43, -3*j - 9 = 0. List the prime factors of s.
19
Suppose 4*x + r - 2780 = -0*x, x + 3*r - 695 = 0. Suppose -125 + x = 5*v. Suppose 45 = -3*i + v. List the prime factors of i.
23
Let r be ((-3 - -3) + 0)/(-2). Suppose d + r*d + 243 = 3*x, -2*x - 3*d + 162 = 0. List the prime factors of x.
3
Let v = -235 - -1200. List the prime factors of v.
5, 193
Let c = 42 - -323. What are the prime factors of c?
5, 73
Suppose -4*s - 4*u = -428, 122 = 4*s - 4*u - 314. Let d = s + 72. What are the prime factors of d?
2, 3, 5
Let j(s) = -4*s + 2. Let q(h) = 6*h**3 - 2*h - 1. Let b be q(-1). Let t(d) = -6*d + 3. Let w(k) = b*t(k) + 8*j(k). List the prime factors of w(-6).
13
Let d = 17 - 5. Suppose d = -4*o + 2*a, 0*o + 3*o - 4*a + 9 = 0. What are the prime factors of 4/6*(12 - o)?
2, 5
Let s be -3 + 2 + (-3 - -6). Suppose 161 = 5*t - 3*o, -2*t - s*o = -60 + 2. List the prime factors of t.
31
What are the prime factors of (0 - -4) + (-5337)/27*-3?
3, 199
Let v be 2/6 - 9/27. What are the prime factors of (v - 43/(-3))/((-10)/(-30))?
43
Let a(i) = -4*i**3 + 4*i**2 - 7*i - 3. Let m(q) = 3*q**3 - 4*q**2 + 6*q + 2. Let x(k) = 4*a(k) + 5*m(k). What are the prime factors of x(-6)?
2, 29
Suppose 0 = -o + 1 + 2. Suppose -3*w + 3*c + o + 27 = 0, 5*c - 14 = -3*w. Let r(h) = h**2 - 2*h - 11. List the prime factors of r(w).
37
Let j(q) be the third derivative of -q**4/8 + 31*q**3/6 - 12*q**2. Let w be j(13). Let d = 52 - w. List the prime factors of d.
2, 3, 5
Let k(j) = -3 + 9 - 7*j - 7. List the prime factors of k(-10).
3, 23
Let n(w) = 561*w - 379. What are the prime factors of n(4)?
5, 373
Let t = -283 - -486. List the prime factors of t.
7, 29
Suppose 5*q - 16 = -2*y - y, -q = -y. Let p be -1 + y/((-6)/(-2367)). List the prime factors of 6/33 - p/(-22).
2, 3
Let p(a) = a**3 + 8*a**2 + 7*a + 2. Let y = -9 + 13. Suppose -y*d - 12 = -2*d. List the prime factors of p(d).
2
Suppose 5*u = -4*z + 21, -u = -0 - 1. Let f(k) = z*k + 1 - 2*k + 2*k - 2*k. List the prime factors of f(9).
19
Suppose -5*o = 59 - 14. Let p = o + 14. Suppose -u + 24 + p = 0. What are the prime factors of u?
29
What are the prime factors of (108/(-21))/(9858/1974 + -5)?
2, 3, 47
Suppose 172*d = 173*d - 359. What are the prime factors of d?
359
Let o(j) = 879*j - 51. List the prime factors of o(5).
2, 3, 181
Suppose 0 = 2*m - 110 - 74. Suppose -2*x = 2*u - 0*u + m, 0 = 2*u - 5*x + 106. What are the prime factors of (-1 + 10)/((-18)/u)?
2, 3
Suppose 12*b = 35*b - 53107. What are the prime factors of b?
2309
Let r(i) = -50*i**3 - 4*i**2 - 17*i - 32. List the prime factors of r(-3).
31, 43
Let r(a) = -4*a. Let b be r(-1). Suppose 4*w = -b*w + 264. List the prime factors of w.
3, 11
List the prime factors of (69/6)/(0 - 3/(-54)).
3, 23
Let r(k) = k**2 + 8*k + 6. Let n be r(-8). Suppose -3*u - 18 = -n*u. Suppose -u*m + m = -40. List the prime factors of m.
2
Let o = -54 + 58. Let f(a) = 41*a - 5. List the prime factors of f(o).
3, 53
Let h = -235 - -342. List the prime factors of h.
107
What are the prime factors of (-44)/(-330) + (-158349)/(-45)?
3, 17, 23
Let z be (-4)/(-6) + (-148)/6. Let f = -16 - z. Suppose 3*j + 2*t - f = 18, 0 = 5*j - t - 52. What are the prime factors of j?
2, 5
What are the prime factors of -1*12*3/((-12)/214)?
2, 3, 107
Suppose -4*r + 109 = -4*z - 107, 0 = 3*r + 5*z - 130. Let t = -41 + r. List the prime factors of t.
3
Suppose 0 = -q + 4*q - 2*a - 692, a = -2*q + 466. List the prime factors of q.
2, 29
Let a(o) be the third derivative of 11*o**5/60 - o**4/6 - 7*o**3/6 + 14*o**2. What are the prime factors of a(-2)?
3, 5
Let y(s) = 67*s + 620. What are the prime factors of y(0)?
2, 5, 31
Suppose -j + 688 + 2238 = -19*f, 0 = -4*j - 5*f + 11623. What are the prime factors of j?
3, 17, 19
Let g(s) = 2 - 10 - 9 + 1 - 15*s. What are the prime factors of g(-5)?
59
Suppose 2*k + 4*c - 234 = 0, -k + 0*c + 111 = 4*c. List the prime factors of k.
3, 41
Let z be (-1)/4 - (-276)/16. Let l = 128 - z. Suppose 0 = 5*o + 1 - l. List the prime factors of o.
2, 11
Let f = -1176 + 1785. Suppose -3*z + 2*z + 126 = 5*j, 4*j = -5*z + f. List the prime factors of z.
11
Suppose 3*j = -5*x - 0*x, x + j - 2 = 0. List the prime factors of 1 - (309/1)/x.
2, 13
Let b = 15 + -10. Let l = 10 - b. Suppose -92 = j - l*j. List the prime factors of j.
23
Let m(g) = -7*g**3 + 2*g**2 - 1. Suppose 5*v = -11 + 6. Let w be m(v). Let b(z) = -z**2 + 10*z + 3. List the prime factors of b(w).
19
Suppose 2*a - 776 = 970. List the prime factors of a.
3, 97
Let l = -11 - -25. Let g be ((3 - 0) + -5)*18/4. Let o = g + l. List the prime factors of o.
5
Suppose 0 = -12*z - 1093 + 8521. Let j = -433 + z. What are the prime factors of j?
2, 3, 31
List the prime factors of (3 - 1 - -1905) + (11 - 14).
2, 7, 17
Suppose 5*c = -2*a + 19, 0*a + 16 = 5*c + 3*a. Suppose -c*m = -99 - 76. Suppose n = -2*n - z + m, -2*n + 22 = 2*z. List the prime factors of n.
2, 3
Let a(w) = w + 1. Let g be a(4). Suppose 0 = -g*f - d - 346, -f - 2*f = 5*d + 190. Let o = -49 - f. What are the prime factors of o?
3, 7
Let v(w) = w + 7. Let n be v(-4). Suppose -29 = -2*h - s - 4*s, -22 = -h - 4*s. Suppose n*m = -0*g - g, 5*m = -h*g + 5. What are the prime factors of g?
3, 5
Let f(l) be the first derivative of 5*l**3/3 + 3*l**2 + 7*l - 18. What are the prime factors of f(-5)?
2, 3, 17
Let d(t) = 2*t**2 - 10*t + 2. Let b be d(5). Let l(m) = 7 - 27 + b*m + 4*m. What are the prime factors of l(11)?
2, 23
Suppose -4*v = 4*n + n - 28, -4*v = -2*n. Suppose i + n*z - 94 = 0, 3*z + 129 + 364 = 5*i. What are the prime factors of i?
2, 7
Suppose -1073 = -k - k + 3*h, 3*h = -9. What are the prime factors of k?
2, 7, 19
Let r(b) = -7*b - 9. Let f(x) = x + 1. Let s(o) = -6*o - 6. Let y(q) = -2*f(q) - s(q). Let h(t) = -3*r(t) - 7*y(t). List the prime factors of h(-1).
2, 3
Let n(m) = -2*m. Let z(x) = x**2 + x. Let r be z(0). Let k be n(r). Suppose -4*b - 9 + 73 = k. What are the prime factors of b?
2
Suppose -32*s + z = -35*s + 6494, -4*z = 16. List the prime factors of s.
2, 3, 19
Suppose 1152 = 29*i - 23*i. Suppose -5*n + i = -2*h, 5*n = 2*h + 2*h + 194. What are the prime factors of n?
2, 19
Suppose -394 = 38*c - 2446. List the prime factors of c.
2, 3
Let j(u) = 2*u**2 - 33*u - 2. List the prime factors of j(22).
2, 3, 5
Let f(v) = 2*v**2 + 2*v - 1. Let n be f(-2). Suppose -13 = -2*q - n*r, 0 = 5*q - r + 6 + 4. What are the prime factors of q - 0 - -4 - -35?
2, 19
Let u be 32/20*555/6. Suppose 3*g - 542 = -4*k, 2*k + 3*g - u = 126. What are the prime factors of k?
2, 67
List the prime factors of (-6)/2 - (9 + -899 + -3).
2, 5, 89
Suppose -150*p = -158*p + 7632. List the prime factors of p.
2, 3, 53
Suppose 0 = -100*x - 2794 + 431694. List the prime factors of x.
4289
List the prime factors of 615/3 + (10 - 3) + -5.
3, 23
Let p(y) = y**3 + 11*y**2 - 12*y + 12. Let q be p(-12). Let f be (-2)/(0 + 8/q). Let g = 11 + f. What are the prime factors of g?
2
Suppose 0 = -9*w + 7*w + 4, -2*w = -3*b + 1073. List the prime factors of b.
359
Let i be (-5 - 7/(-1))/2. Let s(g) = 99*g**3 - 2*g**2 + 3*g - 1. List the prime factors of s(i).
3, 11
Let k(v) = -v**3 - 10*v**2 + 4*v + 3. Suppose 6*r + 82 - 22 = 0. Let i 